e -5*n + 3814 = -4*y - 8004, 11824 = 5*n - 2*y. What is the greatest common divisor of n and 112?
14
Suppose 5*u - 37 = 47*g - 48*g, -g - 17 = -4*u. Let h be -14*9/(-6) - -1. Let m = 36 - h. What is the greatest common factor of m and g?
7
Let c(p) = 60*p**2 + 4 - 82*p - 46*p**2 + 63*p + 2*p**3. Let x be c(-8). What is the greatest common divisor of x and 21?
7
Suppose -5*v + 0*v = -50. Let l be (-1130)/(-20)*(2 + -4). Let w = -23 - l. What is the greatest common divisor of w and v?
10
Let w(l) = -l**2 - 71*l - 945. Let p be w(-20). Suppose -3*x + 3620 = f + 1367, -x + 756 = 2*f. What is the highest common divisor of p and x?
75
Let o(r) = 26*r**2 - 35*r - 35. Let h be o(-1). What is the highest common divisor of 4 and h?
2
Let v be 13 + -15 - 3*1. Let i be -2 - -8 - (-1 - v). Suppose -3*d = -i*k - 8*d + 6, -42 = -5*k + d. Calculate the greatest common factor of 32 and k.
8
Let v be (2*2/6)/(64/15648). Suppose i = -4*w + v + 93, -3*w + 211 = -4*i. What is the greatest common divisor of 5 and w?
5
Let c(n) = 26 + 0*n**2 + 8*n**2 - 13*n - 9*n**2. Let o be c(-13). Suppose -o = -7*d + 44. What is the highest common divisor of d and 90?
10
Let h be (-1)/(-3) + 1555/15 + -7. Suppose 3*j - 484 = -2*i, -4*j - i - 2*i = -646. Let u = j - h. Calculate the highest common factor of u and 7.
7
Suppose 2 = 2*w, 10 = -16*i + 17*i + 4*w. Calculate the greatest common divisor of 1815 and i.
3
Let g be 2 - (3 - 4) - (2 - 39). Suppose -4*d + g = 3*h + h, 3*h + 36 = 3*d. Calculate the highest common factor of 121 and d.
11
Suppose -147*o - 1914 = -153*o. What is the highest common divisor of 55 and o?
11
Suppose 20*a - 690 = 5*a. Suppose -b = 5*l - 68, 8*b - 13*b = 4*l - a. What is the greatest common divisor of 98 and l?
14
Suppose 0*t + 2*t + 2*r - 14 = 0, -5*r + 13 = 3*t. Suppose -72 = 7*l - t*l. Suppose -368 = -l*q + 2*q. What is the greatest common factor of 184 and q?
23
Let q(m) = -m**3 + 62*m**2 + 118*m - 10. Let d be q(-2). What is the greatest common divisor of d and 415?
5
Suppose -8190 = -2*o + 2*j + 394, -2*j = -o + 4292. Calculate the greatest common factor of 222 and o.
74
Let i = 45297 - 24837. Suppose 10*b + 21*b = i. Calculate the greatest common divisor of b and 66.
66
Let g = -2689 + 2702. Calculate the greatest common factor of g and 8541.
13
Let f(w) = -4*w**2 + 8*w + 69. Let l be f(11). Let i = -239 - l. What is the greatest common divisor of 24 and i?
8
Let c(z) = -z**2 - 10*z + 5. Let q be c(-9). Let y be 228/q - 6/21. Let p = 940 - 764. Calculate the greatest common divisor of y and p.
16
Let a = 17576 - 17496. Calculate the greatest common divisor of 270 and a.
10
Let l(b) be the first derivative of 1/4*b**4 + 9 + 10*b**2 - 11/3*b**3 - 4*b. Let q be l(9). Calculate the highest common divisor of 70 and q.
14
Let s = -543 + 623. Let n = 125 - s. Calculate the greatest common divisor of n and 105.
15
Let x(h) = 6*h**2 - 305*h - 46. Let c be x(51). Calculate the highest common factor of 2655 and c.
5
Suppose -11 = r + 26. Let k = 37 + r. Let s be k - (-2)/(-1)*-28. Calculate the highest common factor of s and 84.
28
Suppose -47*t + 46*t + 606 = 0. Let f = 683 - t. Calculate the greatest common factor of f and 14.
7
Let c be 37050/147 + 76/(-1862). What is the greatest common factor of 2688 and c?
84
Let a = -12742 + 12966. What is the greatest common divisor of 1568 and a?
224
Suppose -4*k + 3*f + f + 232 = 0, 4*k - 212 = -f. Let a = 2 + k. Let b = -49 + a. What is the greatest common factor of b and 63?
7
Let a(s) = s**3 - 2*s**2 + s + 735. Let i be a(0). What is the highest common divisor of i and 4515?
105
Let c be -1*6/(-4)*(19 - 15). Let p be -3 + 4/1 - (c + -5). Suppose l + 4*a = 33, 5*l - 115 = -p*a + 5*a. What is the highest common factor of l and 50?
25
Let y = -30 + 24. Let s be (-15)/y*30/25. Suppose 2*n - z = 157, 4*z = s*n + 24 - 252. Calculate the highest common factor of n and 16.
16
Let x(g) be the second derivative of g**5/20 + 2*g**4/3 + 7*g**3/6 + 5*g**2 - 48*g. Let d be x(-7). Calculate the greatest common factor of d and 25.
5
Suppose 29*o - 234 = 11*o. Let x = -17 - -30. Suppose 0 = -0*r + r - x. What is the greatest common factor of o and r?
13
Let p be 1179/36 + 6 + (-24)/32. Suppose 0*x = 5*x - 10. Calculate the highest common divisor of x and p.
2
Let p be 16/(-8) - -8 - 1546/2. Let a = -756 - p. Calculate the highest common divisor of a and 913.
11
Let b = 5459 - 5364. What is the greatest common divisor of b and 45?
5
Suppose -137 = -90*m + 849 + 364. Let z(a) = -a**3 - a + 615. Let g be z(0). What is the highest common divisor of m and g?
15
Let k = 62 + -11. Let p(n) = n**2 + 3*n - 20. Suppose -4*v + s = 34, -5*v - 19 = -s + 24. Let y be p(v). Calculate the highest common divisor of y and k.
17
Let g be ((-5)/4)/((-19)/(-76)). Let m be 2/(g/(-180)*-2). Let i be m/30*(-30)/4. Calculate the greatest common factor of 18 and i.
9
Let n = 2937 - 2853. What is the highest common divisor of n and 7350?
42
Suppose 66*h - 1198 = -y + 70*h, -3*y + 5*h = -3650. Calculate the highest common divisor of 164 and y.
82
Suppose -y = 2*n - 167, -2*y = 5*n - 68 - 351. What is the highest common factor of n and 187?
17
Let y be 2/8 - (-46)/(-24)*-3. Suppose 3*q = -4*k + 46, -y*k = -9*k + 12. Calculate the greatest common factor of q and 150.
10
Let a be -10 + 63 + -13 + 21. Suppose s + 180 = 4*s - 3*f, -s + 4*f + 57 = 0. Calculate the greatest common factor of a and s.
61
Suppose 3*f = 4*k - 7 + 20, -2*k + 10 = 0. Calculate the highest common factor of 17127 and f.
11
Let y(f) = 5*f**2 - 8*f - 25. Let x be y(-3). Let z be 278/8 + 11/x. Calculate the highest common factor of 35 and z.
35
Suppose -17*p + 780 = -597. Calculate the greatest common divisor of 216 and p.
27
Let g(l) = 21*l - 49. Let h be g(19). Let v = -62 + h. What is the greatest common divisor of 18 and v?
18
Suppose -x + 0*x = -54. Let t be (3 - 1) + 0 + x. Let z = 3875 + -3867. Calculate the greatest common divisor of z and t.
8
Let u(o) = -48 - 42*o + 151 + 32*o. Let c be u(7). Calculate the greatest common factor of c and 209.
11
Suppose 0*k + 6*k = 396. Let a = k - 64. Suppose 3*c = 5*m - 11, a*c = 4*m + c - 13. Calculate the greatest common divisor of m and 16.
4
Suppose -10*m + 137*m = -13*m + 21560. Let n be 0/(-2) - 7*-2. Calculate the greatest common divisor of m and n.
14
Let p(x) = 54*x**2 - 8*x - 7. Let k be p(-1). Let b = -24 + 10. Let l = b + 19. Calculate the highest common factor of l and k.
5
Suppose 0 = -7*h - 419 + 1798. Suppose -91 = -12*y + h. What is the highest common factor of y and 372?
12
Suppose 130*n = 220*n - 17640. Calculate the greatest common factor of 637 and n.
49
Suppose 5447 = 24*o - 505. What is the highest common divisor of o and 2294?
62
Suppose -5*d + m = -2200, -67*d + 68*d = m + 444. Let t = 479 - d. Suppose 0*b = 2*b - 20. What is the greatest common factor of b and t?
10
Let s be (-4)/((-16)/20)*240/(-200) - -49. Calculate the highest common divisor of s and 109.
1
Let w(r) = r**2 + 12*r + 29. Let g be w(-9). Let f be g/(-15) - (-602)/15. Calculate the greatest common divisor of 25 and f.
5
Suppose -5*d + 332 = 3*q, 0 = 4*d + 62*q - 61*q - 260. Let f be (-2)/(-2*1)*13. Let v = -5 + f. What is the greatest common divisor of d and v?
8
Let w be 4472 - (92/(-12) - (-3)/(-9)). Calculate the highest common factor of w and 40.
40
Suppose -7*g - 32 = 178. Let w be g/(-25)*(-4 - (-66)/9). Calculate the greatest common divisor of 2 and w.
2
Let a be (-13)/(354/18 - 20). What is the greatest common factor of a and 25896?
39
Let z(b) = -43*b - 8. Let j be z(-5). Suppose 16*h - j = 17. What is the highest common divisor of 182 and h?
14
Let j be (-1)/(1/(-94))*(-2)/(-4). Let c = 78 - j. Let a = c - 19. Calculate the greatest common divisor of 4 and a.
4
Let g = -3477 + 3506. Calculate the greatest common divisor of g and 2349.
29
Suppose -3*o = -4*x + 1138, 17*o - 22*o - 2*x = 1888. Let c = o - -796. Let u = 43 + -5. What is the greatest common divisor of c and u?
38
Suppose 2863 = -4*t - 3*f, 2*t = 3*f + f - 1426. Let v = t - -445. Let w be (-6)/(-9)*v/(-12). What is the highest common divisor of w and 165?
15
Suppose l = -2*n + 262, -39*l - 4*n - 1024 = -43*l. Calculate the greatest common divisor of 817 and l.
43
Suppose 79 = 